100 + -11101?
-1001110111001
In base 10, what is -66 + 37280?
37214
In base 3, what is 1020 + 21010101?
21011121
In base 14, what is 0 + b3112?
b3112
In base 15, what is 10 + 683?
693
In base 14, what is 5 - 1016?
-1011
In base 5, what is -104 - 4224413?
-4230022
In base 5, what is -14003 - 1131?
-20134
In base 13, what is -15c6a + -4?
-15c71
In base 11, what is -3 + -29785?
-29788
In base 4, what is -1 + 132132302?
132132301
In base 14, what is -4 - -4a0c?
4a08
In base 12, what is -274b9 + 6?
-274b3
In base 13, what is -2 + -7b4?
-7b6
In base 10, what is -53 - -882?
829
In base 13, what is 6a81 - -1c?
6aa0
In base 15, what is 2 - -26c6?
26c8
In base 16, what is -19 + 2d9?
2c0
In base 9, what is 1478 - 1?
1477
In base 9, what is -3 + -1066210?
-1066213
In base 4, what is 21000 - 2021?
12313
In base 12, what is 25 - 381?
-358
In base 8, what is -125102 - -4?
-125076
In base 10, what is -5 - 20244?
-20249
In base 16, what is -503c - -9a?
-4fa2
In base 2, what is -1101000 - 1111110111001?
-10000000100001
In base 9, what is -25341 + -112?
-25453
In base 5, what is -1 - -4012342?
4012341
In base 10, what is 60 - -8915?
8975
In base 12, what is 4a76 + b?
4a85
In base 7, what is 0 + -10253460?
-10253460
In base 16, what is -723 + -106?
-829
In base 15, what is 13608 + 3?
1360b
In base 2, what is -111010111000 - 11001?
-111011010001
In base 16, what is 4f + -b44?
-af5
In base 9, what is 1174477 - -5?
1174483
In base 12, what is 55756b - 1?
55756a
In base 3, what is 22000220 + 111?
22001101
In base 3, what is -2200000 - -101?
-2122122
In base 5, what is 10 - 124104?
-124044
In base 4, what is -32 - -1100132?
1100100
In base 3, what is 1012 - -2112122?
2120211
In base 6, what is -540 + 4115?
3135
In base 6, what is 0 - 423011?
-423011
In base 15, what is 306 + 58?
35e
In base 5, what is 220 - 142240?
-142020
In base 16, what is -16b5 + b3?
-1602
In base 14, what is b35 - 138?
9db
In base 12, what is 27 - -56?
81
In base 16, what is -3 - d2a?
-d2d
In base 3, what is 22010002222 - 11?
22010002211
In base 4, what is -33301 - -1120312?
1021011
In base 6, what is 13425321 - -3?
13425324
In base 5, what is -14 + -20023130?
-20023144
In base 15, what is 21c + -56?
1b6
In base 5, what is -14412023 - -4?
-14412014
In base 3, what is 11 - -100110010121?
100110010202
In base 4, what is 10 - 1220133?
-1220123
In base 8, what is 3 - 5066?
-5063
In base 14, what is -1b + -9230?
-924b
In base 2, what is -11000010001110101101 - 1?
-11000010001110101110
In base 2, what is -1011000110 - 1000111?
-1100001101
In base 2, what is 0 + -11010110100011011011?
-11010110100011011011
In base 8, what is 246054 - 21?
246033
In base 13, what is -218ac - 4?
-218b3
In base 14, what is a5 - 6?
9d
In base 4, what is -10 + 102002?
101332
In base 16, what is -2 + -5454?
-5456
In base 9, what is -11630 + -2?
-11632
In base 6, what is -5 - 30104?
-30113
In base 4, what is 10 - 13300113?
-13300103
In base 12, what is 1434 + -47?
13a9
In base 3, what is -22212010 + 1022?
-22210211
In base 2, what is 1 - 100111100010001011?
-100111100010001010
In base 4, what is -123013122 + 2?
-123013120
In base 16, what is -6ca + 6e2?
18
In base 9, what is 5 + 63686?
63702
In base 15, what is 109 + 190?
299
In base 3, what is 2 - -22222012?
22222021
In base 10, what is -9823 + -1?
-9824
In base 15, what is 1dcbd + -c?
1dcb1
In base 10, what is 21 + -2089?
-2068
In base 10, what is 21 + -9177?
-9156
In base 3, what is -1110022211 + 12?
-1110022122
In base 5, what is 2031134 - 3?
2031131
In base 4, what is -200 + -211002?
-211202
In base 12, what is 1737 + 51?
1788
In base 13, what is -6 - -1c8c6?
1c8c0
In base 11, what is 28 - 1096a?
-10942
In base 4, what is -10 - 31012310?
-31012320
In base 2, what is 11110101110101011001 + -1?
11110101110101011000
In base 8, what is 43 - 336?
-273
In base 5, what is 1102212 + 2?
1102214
In base 12, what is 3 + -8426?
-8423
In base 3, what is 21 - -22111201210?
22111202001
In base 2, what is 1111010000 - 11111?
1110110001
In base 6, what is -21 + 1041?
1020
In base 12, what is 5a + 123bb?
12459
In base 7, what is 514456 - 3?
514453
In base 11, what is 1 + 640a15?
640a16
In base 6, what is 3 + -155102?
-155055
In base 2, what is 100 + 1011110001?
1011110101
In base 5, what is 102 - 4330110?
-4330003
In base 12, what is 14 - -1101b?
11033
In base 3, what is -211002 - 2020210?
-10001212
In base 4, what is 3302021 + 33?
3302120
In base 8, what is -6302 + 252?
-6030
In base 3, what is -12 + 220021?
220002
In base 10, what is 133741 + -4?
133737
In base 6, what is -431333 + 20?
-431313
In base 10, what is 4 - 1597?
-1593
In base 4, what is -32 - 21212?
-21310
In base 4, what is 111322320 + 3?
111322323
In base 5, what is 20030 + 124?
20204
In base 16, what is -3053 - 2a?
-307d
In base 11, what is -471213 + -2?
-471215
In base 11, what is -9 + 4a0?
492
In base 16, what is 3 + 5354?
5357
In base 6, what is 0 - 22312?
-22312
In base 13, what is -ba - 255?
-342
In base 14, what is 10dc - -b3?
11b1
In base 13, what is 109663 - -7?
10966a
In base 15, what is 2 - -18ac92?
18ac94
In base 4, what is -1200313 - 30?
-1201003
In base 10, what is -662 - 935?
-1597
In base 3, what is 211211 - 2012?
202122
In base 7, what is -5 + 1266402?
1266364
In base 10, what is -501341 + -5?
-501346
In base 14, what is -42 + -75aa?
-760c
In base 10, what is 136530 - -25?
136555
In base 16, what is -5 - 1173?
-1178
In base 8, what is -6 + 12627?
12621
In base 11, what is 18 + -12182?
-12165
In base 8, what is 3517 - -1?
3520
In base 4, what is -3001310 - 132?
-3002102
In base 11, what is -678 - 159?
-826
In base 4, what is -113021021 - -110?
-113020311
In base 13, what is 13641 - -20?
13661
In base 3, what is 2 - 10000222?
-10000220
In base 2, what is -1010101010 + 1011110?
-1001001100
In base 12, what is -34544a + 2?
-345448
In base 4, what is 2121 - 223?
1232
In base 9, what is -14 + -37407?
-37422
In base 5, what is 422232124 - 3?
422232121
In base 4, what is 202210 - 10012?
132132
In base 13, what is -3 + a4817?
a4814
In base 4, what is 11132 + 1030110?
1101302
In base 11, what is a7825a + -2?
a78258
In base 7, what is -21225 - 300?
-21525
In base 4, what is 11300 + -1100?
10200
In base 12, what is -37 + 4269?
4232
In base 7, what is -2 - -14351?
14346
In base 6, what is -2202 + -120?
-2322
In base 15, what is 0 - -d1d3e?
d1d3e
In base 6, what is -4322 + -33?
-4355
In base 9, what is -135427 + 4?
-135423
In base 5, what is -104024 - 242?
-104321
In base 8, what is -10 + -4252?
-4262
In base 11, what is -389 - -96?
-2a3
In base 10, what is 8291 - -2?
8293
In base 9, what is -823 + -236?
-1160
In base 3, what is 11021 + -1120202?
-1102111
In base 7, what is -344 - -4?
-340
In base 15, what is -187cb + -6?
-187d2
In base 3, what is 111201122101 - 0?
111201122101
In base 5, what is -43 + -3410?
-4003
In base 9, what is 3 + 44620?
44623
In base 4, what is 3 + 31211101?
31211110
In base 4, what is -22 + 32300?
32212
In base 10, what is 128 - -94?
222
In base 3, what is 11211 + -122022?
-110111
In base 15, what is -5 - -add98?
add93
In base 12, what is -1 - 10193?
-10194
In base 8, what is -4 - 5621?
-5625
In base 13, what is -aa548 - -3?
-aa545
In base 8, what is -3531 + -24?
-3555
In base 8, what is -3122 - -52?
-3050
In base 15, what is 9d + -b16e?
-b0c1
In base 4, what is 3003 + -133?
2210
In base 15, what is 2 + 116256?
116258
In base 6, what is 400 - -220?
1020
In base 16, what is -7 - -17be?
17b7
In base 8, what is 0 - 120172?
-120172
In base 13, what is -2 + -278c?
-2791
In base 4, what is -20032 + -320033?
-1000131
In base 6, what is -22 + -1124101?
-1124123
In base 14, what is -5 - 809b?
-80a2
In base 9, what is -37520 - 87?
-37617
In base 3, what is 110 + -122000220?
-122000110
In base 6, what is 22311042 + 4?
22311050
In base 13, what is 2 + 90a84?
90a86
In base 3, what is -10 + 101111002112?
101111002102
In base 16, what is 9f4ed + -5?
9f4e8
In base 10, what is -581 - -4261?
3680
In base 4, what is -1020 + -2310?
-3330
In base 11, what is -1a + -40466?
-40485
In base 11, what is -19962 + -5a?
-19a11
In base 3, what is -20 + -22202?
-22222
In base 15, what is 3 + 33d5?
33d8
In base 16, what is d1f - 2a?
cf5
In base 15, what is -14 + 842?
82d
In base 5, what is -32244302 - 2?
-32244304
In base 5